 when 10351 is divided by 10314?
37
Calculate the remainder when 872 is divided by 59.
46
What is the remainder when 4479 is divided by 173?
154
Calculate the remainder when 593939 is divided by 60.
59
Calculate the remainder when 125716 is divided by 70.
66
What is the remainder when 3689 is divided by 525?
14
Calculate the remainder when 8954 is divided by 2233.
22
What is the remainder when 9335795 is divided by 467?
465
Calculate the remainder when 150348 is divided by 70.
58
Calculate the remainder when 1900093 is divided by 22.
19
Calculate the remainder when 603 is divided by 225.
153
What is the remainder when 202119 is divided by 10?
9
Calculate the remainder when 3370 is divided by 1047.
229
What is the remainder when 552 is divided by 131?
28
What is the remainder when 322852 is divided by 2522?
36
Calculate the remainder when 1126 is divided by 535.
56
What is the remainder when 70283 is divided by 12?
11
Calculate the remainder when 833422 is divided by 1396.
10
Calculate the remainder when 3335589 is divided by 312.
309
What is the remainder when 996 is divided by 205?
176
Calculate the remainder when 33982 is divided by 33947.
35
Calculate the remainder when 180738 is divided by 180736.
2
What is the remainder when 391 is divided by 56?
55
What is the remainder when 57464 is divided by 93?
83
Calculate the remainder when 12406 is divided by 4131.
13
What is the remainder when 699 is divided by 186?
141
Calculate the remainder when 20944 is divided by 95.
44
What is the remainder when 5834 is divided by 67?
5
What is the remainder when 49113 is divided by 16342?
87
Calculate the remainder when 6402 is divided by 1575.
102
Calculate the remainder when 17955 is divided by 1794.
15
What is the remainder when 98690 is divided by 41?
3
What is the remainder when 2251 is divided by 26?
15
What is the remainder when 17458 is divided by 38?
16
Calculate the remainder when 5532 is divided by 2715.
102
What is the remainder when 245750 is divided by 11?
10
What is the remainder when 11501 is divided by 2873?
9
What is the remainder when 4781 is divided by 1588?
17
What is the remainder when 26695 is divided by 12?
7
Calculate the remainder when 40191 is divided by 203.
200
What is the remainder when 800 is divided by 477?
323
Calculate the remainder when 7868 is divided by 105.
98
Calculate the remainder when 1496 is divided by 1062.
434
What is the remainder when 35773 is divided by 340?
73
Calculate the remainder when 8197 is divided by 100.
97
What is the remainder when 753 is divided by 234?
51
Calculate the remainder when 189523 is divided by 95.
93
Calculate the remainder when 12084 is divided by 753.
36
What is the remainder when 1274 is divided by 30?
14
What is the remainder when 118048 is divided by 349?
86
Calculate the remainder when 97125 is divided by 342.
339
Calculate the remainder when 109334 is divided by 255.
194
What is the remainder when 2304 is divided by 237?
171
Calculate the remainder when 694911 is divided by 69491.
1
What is the remainder when 194192 is divided by 12?
8
What is the remainder when 10242 is divided by 896?
386
What is the remainder when 113387 is divided by 161?
43
Calculate the remainder when 1180189 is divided by 779.
4
What is the remainder when 2810 is divided by 2732?
78
What is the remainder when 3672 is divided by 464?
424
What is the remainder when 751 is divided by 144?
31
What is the remainder when 148239 is divided by 950?
39
Calculate the remainder when 807 is divided by 13.
1
Calculate the remainder when 309480 is divided by 98.
94
What is the remainder when 313389 is divided by 242?
241
Calculate the remainder when 22655 is divided by 192.
191
What is the remainder when 512 is divided by 153?
53
Calculate the remainder when 1069 is divided by 983.
86
What is the remainder when 23573 is divided by 10?
3
What is the remainder when 2486 is divided by 47?
42
Calculate the remainder when 1653 is divided by 147.
36
What is the remainder when 68313 is divided by 17078?
1
What is the remainder when 1173 is divided by 1155?
18
Calculate the remainder when 5011 is divided by 35.
6
What is the remainder when 11872 is divided by 97?
38
Calculate the remainder when 1350 is divided by 649.
52
What is the remainder when 6085 is divided by 1492?
117
What is the remainder when 82721 is divided by 82692?
29
Calculate the remainder when 11290 is divided by 17.
2
What is the remainder when 18580 is divided by 110?
100
What is the remainder when 1067080 is divided by 2?
0
What is the remainder when 68595 is divided by 222?
219
What is the remainder when 58097 is divided by 100?
97
Calculate the remainder when 15981 is divided by 232.
205
Calculate the remainder when 67082 is divided by 828.
14
What is the remainder when 484685 is divided by 317?
309
What is the remainder when 1635641 is divided by 10832?
9
Calculate the remainder when 94161 is divided by 239.
234
Calculate the remainder when 231273 is divided by 2.
1
What is the remainder when 6942 is divided by 9?
3
What is the remainder when 38165 is divided by 19080?
5
What is the remainder when 13770 is divided by 71?
67
Calculate the remainder when 2983 is divided by 131.
101
What is the remainder when 15153343 is divided by 135?
133
Calculate the remainder when 2413 is divided by 14.
5
Calculate the remainder when 2115002 is divided by 62.
58
Calculate the remainder when 215799 is divided by 43157.
14
Calculate the remainder when 35001 is divided by 21.
15
Calculate the remainder when 825454 is divided by 112.
14
What is the remainder when 50481 is divided by 23?
19
Calculate the remainder when 1267 is divided by 536.
195
What is the remainder when 164485 is divided by 1275?
10
What is the remainder when 15826 is divided by 4979?
889
Calculate the remainder when 3766 is divided by 47.
6
Calculate the remainder when 137926 is divided by 312.
22
Calculate the remainder when 258057 is divided by 935.
932
Calculate the remainder when 70696 is divided by 50.
46
Calculate the remainder when 110989 is divided by 395.
389
Calculate the remainder when 4915 is divided by 604.
83
Calculate the remainder when 9628 is divided by 14.
10
What is the remainder when 6838 is divided by 2113?
499
What is the remainder when 37255 is divided by 408?
127
Calculate the remainder when 13861 is divided by 2274.
217
Calculate the remainder when 38517 is divided by 1134.
1095
What is the remainder when 2369805 is divided by 168?
165
Calculate the remainder when 2107 is divided by 169.
79
What is the remainder when 45804 is divided by 194?
20
What is the remainder when 117229 is divided by 33?
13
What is the remainder when 9066 is divided by 378?
372
Calculate the remainder when 415071 is divided by 38.
35
Calculate the remainder when 5630 is divided by 1068.
290
Calculate the remainder when 34221 is divided by 482.
481
What is the remainder when 2525 is divided by 2455?
70
Calculate the remainder when 4885 is divided by 269.
43
Calculate the remainder when 29673 is divided by 28.
21
What is the remainder when 6445 is divided by 6437?
8
What is the remainder when 4046 is divided by 733?
381
What is the remainder when 1127 is divided by 76?
63
Calculate the remainder when 3181 is divided by 314.
41
Calculate the remainder when 2799152 is divided by 849.
848
What is the remainder when 2320 is divided by 385?
10
What is the remainder when 181007 is divided by 41?
33
What is the remainder when 16363 is divided by 391?
332
Calculate the remainder when 14482 is divided by 354.
322
Calculate the remainder when 80 is divided by 26.
2
What is the remainder when 3249 is divided by 899?
552
What is the remainder when 558610 is divided by 159?
43
Calculate the remainder when 45991 is divided by 15281.
148
What is the remainder when 4627 is divided by 1537?
16
Calculate the remainder when 98355 is divided by 13.
10
Calculate the remainder when 36578 is divided by 137.
136
What is the remainder when 12841 is divided by 1603?
17
Calculate the remainder when 79900 is divided by 79898.
2
Calculate the remainder when 15759 is divided by 3817.
491
Calculate the remainder when 458 is divided by 78.
68
What is the remainder when 2831 is divided by 169?
127
Calculate the remainder when 62271 i